 r(-8).
511
Let x(v) = v**2 - 300*v + 3751. What is x(13)?
20
Let j(t) = -21701*t - 282075. Determine j(-13).
38
Let x(m) = -m**2 - 7138*m - 114004. What is x(-16)?
-52
Let m(f) = -25*f**2 + 1650*f - 6192. Determine m(62).
8
Let t(h) = -h**2 - 652334*h + 2609340. Give t(4).
-12
Let z(d) = -d**2 + 15057*d - 555743. Give z(37).
-3
Let g(m) = 13419*m + 12130786. What is g(-904)?
10
Let h(z) = 68*z**3 + 17*z**2 - 30*z - 86. Calculate h(-2).
-502
Let u(i) = 2*i**3 + 6*i**2 - 83*i + 289. What is u(5)?
274
Let l(p) = 14*p**3 - 19*p**2 - 4338*p + 4337. Give l(1).
-6
Let d(h) = h**2 + 12461*h + 1615256. Calculate d(-131).
26
Let k(c) = -662*c**2 - 91349*c + 964. What is k(-138)?
-2
Let g(j) = 68573*j + 274360. Determine g(-4).
68
Let a(n) = -n**3 - 346*n**2 - 5278*n + 868. Give a(-330).
208
Let l(d) = -d**3 - 5*d**2 + 28. Give l(6).
-368
Let g(k) = -k**2 + 4060*k - 68737. What is g(17)?
-6
Let n(v) = -v**2 + 102*v + 11803. Determine n(-72).
-725
Let b(f) = 7*f**2 + 1659*f - 119772. Give b(-295).
-2
Let t(x) = 125577*x - 3641743. Determine t(29).
-10
Let r(a) = -a**3 + 17*a**2 - 2059*a + 35152. Give r(17).
149
Let p(o) = 2*o**3 + o**2 - 8122*o + 328. What is p(-64)?
-56
Let a(g) = -121*g**2 + 18513*g - 2. What is a(153)?
-2
Let c(v) = -744*v - 2565. Determine c(-4).
411
Let h(l) = 37678*l + 753567. What is h(-20)?
7
Let g(j) = j**3 - 30*j**2 + 188*j - 231. Determine g(19).
-630
Let z(d) = -2*d**2 + 626*d + 25069. Determine z(349).
-59
Let s(z) = 13*z**2 + 22*z - 94. What is s(3)?
89
Let w(t) = -t**3 + 80*t**2 - 106*t - 3997. What is w(78)?
-97
Let j(g) = g**2 + 344904*g - 10003066. What is j(29)?
-9
Let g(b) = 29594*b - 207119. Determine g(7).
39
Let x(c) = 55*c**2 - 228*c - 4. Calculate x(6).
608
Let n(x) = -1273*x - 37406. What is n(-30)?
784
Let i(n) = 39231*n - 706151. What is i(18)?
7
Let d(o) = -100*o**2 + 1148*o + 2273. What is d(-2)?
-423
Let j(u) = -u**3 - 34*u**2 + 159*u + 6981. Determine j(-32).
-155
Let a(f) = -164585*f + 1481261. What is a(9)?
-4
Let s(q) = -79*q + 7007. Determine s(35).
4242
Let f(q) = -2*q**3 - 646*q**2 - 496*q - 160234. Determine f(-323).
-26
Let y(t) = 4*t**3 - 166*t**2 - 114*t + 64. Give y(42).
-1196
Let k(o) = 25494*o + 1988534. Determine k(-78).
2
Let y(c) = -6920*c - 20785. Determine y(-3).
-25
Let c(h) = 4534*h + 27196. Give c(-6).
-8
Let b(f) = -1055*f**2 - 67520*f + 31. Give b(-64).
31
Let d(k) = -2*k**3 - 16*k**2 + 306*k + 3110. Determine d(-9).
518
Let z(v) = -395*v**3 - 8*v**2 + 224*v + 233. What is z(-1)?
396
Let r(f) = 3*f**2 + 251*f + 533. Determine r(-83).
367
Let x(i) = -19*i**3 + 4*i**2 - 68*i + 128. Determine x(4).
-1296
Let b(x) = 56272*x - 11535759. Give b(205).
1
Let j(r) = -14*r**2 - 222*r + 277. What is j(-16)?
245
Let h(b) = -1837*b - 7114. Calculate h(-4).
234
Let v(l) = -3*l**2 + 305*l + 7641. What is v(123)?
-231
Let m(f) = f**3 - 48*f**2 - 349223*f + 16415683. Calculate m(47).
-7
Let d(c) = 4*c**2 + 2239*c - 511593. What is d(-734)?
5
Let o(v) = 63*v**3 + 567*v**2 + 241*v + 2165. Determine o(-9).
-4
Let v(z) = z**3 + 9*z**2 - 51*z - 14. Give v(-13).
-27
Let a(x) = -102*x**3 + 3*x**2 + 85*x - 183. What is a(2)?
-817
Let y(l) = -12615*l + 2838329. Determine y(225).
-46
Let o(z) = -4*z**2 - 807*z - 10945. What is o(-187)?
88
Let q(x) = 2*x**2 + 5256*x - 95255. Determine q(18).
1
Let h(i) = -55525*i - 999339. Give h(-18).
111
Let k(w) = 2697*w + 827949. What is k(-307)?
-30
Let c(r) = -34*r**2 + 1176*r - 7002. Determine c(6).
-1170
Let b(z) = 230*z**3 - z**2 + 101*z - 102. Determine b(1).
228
Let h(k) = -k**3 + 82*k**2 - 1338*k - 146. What is h(23)?
291
Let g(v) = -v**3 + 53*v**2 - 123*v + 60. Calculate g(4).
352
Let c(a) = -70465*a - 281875. Give c(-4).
-15
Let l(m) = -1464*m + 204975. Calculate l(140).
15
Let j(o) = 117*o**2 - 182*o - 6002. Determine j(8).
30
Let j(x) = -x**2 - 153*x - 4068. Calculate j(-120).
-108
Let t(r) = r**2 - 684*r + 14566. Give t(22).
2
Let v(q) = -44719*q - 311819. Determine v(-7).
1214
Let c(q) = 332810*q - 332812. What is c(1)?
-2
Let t(j) = -6*j**3 + 39*j**2 + 48*j - 400. Calculate t(6).
-4
Let a(q) = -q**3 + 36*q**2 - 343*q + 8050. Determine a(33).
-2
Let t(z) = z**3 + 84*z**2 + 1444*z - 1820. What is t(-59)?
9
Let c(i) = -22*i**3 - 127*i**2 + 256*i - 6. Calculate c(2).
-178
Let b(o) = -o**2 - 790*o - 139734. What is b(-264)?
-870
Let g(d) = 1118*d + 2664. Give g(-3).
-690
Let b(f) = 69210*f - 415232. Calculate b(6).
28
Let u(d) = -d**3 - d**2 - 1765*d + 1358. Determine u(0).
1358
Let v(g) = -3664*g - 36546. Calculate v(-10).
94
Let a(f) = 1760*f**2 + 66833*f - 1820. Calculate a(-38).
-34
Let p(s) = 4110*s - 8175. What is p(2)?
45
Let i(u) = -u**2 - 10763*u + 1504313. Calculate i(138).
-25
Let x(y) = 2642*y + 47650. Determine x(-18).
94
Let q(f) = -41*f**2 - 197*f + 11. What is q(-2)?
241
Let h(k) = 180*k + 2463. Calculate h(-17).
-597
Let p(j) = 41550*j + 540177. Give p(-13).
27
Let c(z) = -5*z**2 - 300*z - 641. Calculate c(-58).
-61
Let m(g) = 108*g - 14717. Calculate m(136).
-29
Let d(n) = 13843*n + 110738. What is d(-8)?
-6
Let u(i) = -99*i**3 - 8218*i**2 - 77*i + 518. What is u(-83)?
20
Let g(j) = -4361*j**2 + 165727*j - 339. Determine g(38).
3
Let x(g) = 9*g**2 + 133*g + 809. Determine x(-7).
319
Let d(b) = -183*b + 14108. Give d(77).
17
Let v(p) = 262*p**2 - 1103*p + 13. Give v(4).
-207
Let c(a) = 98*a - 1086. What is c(11)?
-8
Let o(m) = -9062*m + 1069314. Determine o(118).
-2
Let j(p) = 22*p**3 + 214*p**2 - 66*p - 54. Calculate j(-10).
6
Let f(h) = -6*h**2 - 17*h + 296. Determine f(17).
-1727
Let k(w) = -587074*w + 1174167. What is k(2)?
19
Let v(a) = -3412*a + 3395. Give v(1).
-17
Let t(f) = f**3 + 6*f**2 - 110*f + 131. What is t(-16)?
-669
Let s(o) = -4*o**3 - 291*o**2 + 263*o + 13725. Determine s(-73).
-145
Let q(w) = -2*w**3 + 2*w**2 + 180*w + 335. Give q(-2).
-1
Let u(m) = -m**3 - 271*m**2 + 490724*m + 1691. Determine u(-849).
-7
Let u(d) = 140*d**2 + 1088*d + 1582. Calculate u(-6).
94
Let k(p) = -40*p**2 - 1288*p - 2644. What is k(-30)?
-4
Let c(u) = 8*u**2 + 166*u - 11069. Calculate c(-49).
5
Let i(f) = f**3 - 44*f**2 + 94*f - 93. What is i(42)?
327
Let u(a) = -a**2 - 1737*a + 12195. Calculate u(7).
-13
Let c(x) = 3*x**3 + 11*x**2 + 66*x + 1039. Give c(-9).
-851
Let i(r) = -2*r**3 - 12*r**2 + 124*r - 31. What is i(-16)?
3105
Let l(f) = f**2 - 65*f + 596. What is l(28)?
-440
Let t(r) = -2*r**2 + 7616*r - 38025. What is t(5)?
5
Let b(r) = r**3 + 44*r**2 + 344*r - 78. Calculate b(-11).
131
Let p(j) = -354*j + 18395. Give p(52).
-13
Let i(b) = -2*b**2 + 381*b - 17459. Give i(114).
-17
Let n(y) = -80*y**2 + 1052*y + 27. Determine n(11).
1919
Let h(u) = -1551*u + 9692. Determine h(6).
386
Let q(m) = 7*m**2 + 476*m + 3355. Determine q(-61).
366
Let w(m) = -m**3 + 30*m**2 - 163*m + 219. What is w(26)?
-1315
Let i(j) = -28*j**2 - 110*j + 390. What is i(13)?
-5772
Let y(t) = 35*t - 2622. What is y(20)?
-1922
Let g(l) = 2961*l - 1514. What is g(0)?
-1514
Let d(t) = 2*t**3 + 102*t**2 + 15*t + 769. Calculate d(-51).
4
Let j(w) = -2*w**3 - 93*w**2 + 109*w + 2903. Give j(-47).
-11
Let a(b) = -b**3 + 51*b**2 - 321*b + 3338. Determine a(46).
-848
Let a(x) = x**3 - 113*x**2 - 2515*x - 133. What is a(-19)?
0
Let i(f) = 30991*f + 650833. Give i(-21).
22
Let r(p) = -25*p**3 + 5*p**2 - 5*p + 14. What is r(-5)?
3289
Let l(w) = w**3 - 157*w**2 - 1013*w + 5706. Give l(163).
1
Let j(h) = -2726*h + 135880. Give j(50).
-420
Let k(i) = -295*i - 262. Give k(1).
-557
Let y(p) = -p**2 - 335*p - 2920. What is y(-7)?
-624
Let i(m) = -m**3 + 720*m**2 - 8463*m + 2. Determine i(12).
398
Let j(a) = -6*a**3 + 16*a**2 + 197*a - 591. Give j(3).
-18
Let n(f) = -48119*f + 96257. What is n(2)?
19
Let g(f) = 116*f**2 - 658*f + 1. Calculate g(5).
-389
Let y(u) = u**2 - 13749*u + 739519. Determine y(54).
-11
Let x(a) = -51*a**2 + 25563*a - 6026. Determine x(501).
-14
Let a(q) = -58*q**2 - 350*q - 11. Determine a(-6).
1
Let p(w) = 4*w**2 + 112*w + 328. What is p(-36)?
1480
Let r(j) = 3*j**3 + 121*j**2 - 90*j - 331. Give r(-41).
-3
Let i(z) = 48*z + 4848. Determine i(-98).
144
Let l(j) = 12*j**2 - 1884*j + 7349. Determine l(153).
5
Let b(a) = 3*a**3 - 115*a**2 + 641*a + 56. What is b(6)?
410
Let f(b) = -2768*b + 22362. Determine f(8).
218
Let n(r) = -37*r**2 - 176*r - 5. Calculate n(-7).
-586
